**2 - 7*c + 4. Let l be q(-7). Let n(p) = 1 - 5*p + 2*p + 2*p. Let x be n(l). Let g(z) = z**3 + z**2 - 3*z + 3. What is g(x)?
-6
Let q = -16 - -12. Let k(c) = c**3 + 5*c**2 + 4*c + 1. What is k(q)?
1
Suppose -5 - 7 = -4*c. Let r(p) be the third derivative of p**5/60 - 7*p**4/24 + p**3/6 - 5*p**2. What is r(c)?
-11
Let l(v) = -5*v**3 + v. Suppose 2*f + 7*h + 18 = 2*h, 0 = -4*f - 5*h - 16. Give l(f).
-4
Let j(z) = -z + 3. Let v be j(-5). Suppose 5*a + 5*c = 23 + 17, -5*c + v = -3*a. Let s(h) = -7*h. Let p(d) = -d - 1. Let q(x) = -5*p(x) + s(x). Give q(a).
-3
Let a(y) = -2*y**2 - 3*y + 4. Let s be a(-3). Let d(l) be the third derivative of -l**5/60 - l**4/6 - 2*l**3/3 - 2*l**2. Determine d(s).
-9
Let x(i) be the first derivative of -11/2*i**2 + 1 + 0*i**3 + 1/12*i**4 + 3*i. Let w(z) be the first derivative of x(z). Give w(0).
-11
Let n(m) = -3*m. Let r be n(1). Let v(j) be the first derivative of j**4/4 + 5*j**3/3 + 2*j**2 + j - 2. What is v(r)?
7
Let u(o) = -6 - 4*o + 7 + o. Give u(1).
-2
Let x(d) = -11*d**2 + 4*d + 5. Let z(l) = l**2 - 10*l + 11. Let t be z(8). Let a(b) = -11*b**2 + 3*b + 4. Let v(q) = t*x(q) + 6*a(q). What is v(-1)?
-10
Let k(f) = -14*f + 6. Let d(s) = -22*s + 9. Let c(t) = -5*d(t) + 8*k(t). Let w(l) = -2*l - 10. Let j be w(-7). Determine c(j).
-5
Let u = 10 + -6. Suppose -u*g + 0 = -4. Let h(y) = -y**2 + y + 1. Give h(g).
1
Suppose 15 = 2*w + 3. Let r(d) = 2*d**2 + 0*d**2 - 7*d - d**2 + w + 0*d. Calculate r(6).
0
Let x(i) = -14*i - 24. Let l(n) = -5*n - 8. Let q(h) = 11*l(h) - 4*x(h). Determine q(-6).
2
Let o(r) be the second derivative of 2*r**3/3 + r**2 - r. Let c(a) = -3*a - 1. Let f be (-6)/(-4) + (-12)/(-8). Let h(m) = f*c(m) + 2*o(m). What is h(-3)?
4
Let w = 24 - 19. Let q(k) be the third derivative of 1/24*k**4 - 2/3*k**3 + 0 - k**2 + 0*k. What is q(w)?
1
Let l(s) = -2*s**2 - 3*s + 11. Let a(g) = -g**2 - g + 6. Let q(d) = -11*a(d) + 6*l(d). What is q(-4)?
12
Let b be (27/18)/(3/16). Let w(i) = i**3 - 8*i**2 - 2*i + 13. Let s be w(b). Let m(o) = o**3 + o**2. Determine m(s).
-18
Let u be 2 - (-5 - 0/(-5)). Let g(n) = n**2 - 7*n + 6. Give g(u).
6
Let h(f) = f - 12. Let i be h(12). Suppose -d - 2*d = i. Let y = 4 - d. Let n(k) = k**3 - 5*k**2 + 3*k + 4. Calculate n(y).
0
Let n(g) = -1 + 5*g**2 - 2*g**3 - 2*g**2 + 0*g**2. Give n(2).
-5
Let g = -13 + 8. Let u = 7 + g. Let v(l) = -5*l + 1. What is v(u)?
-9
Let l(a) = a**3 - a**2 + a + 1. Let j = 1 + -7. Let c be (j/(-3) + -1)*2. Let n be c/(-4) - 2/(-4). Calculate l(n).
1
Let j(g) = -7*g**2 + 7*g + 20. Let s(h) = -6*h**2 + 6*h + 19. Let z(u) = -5*j(u) + 6*s(u). What is z(0)?
14
Let q be (-8)/2 + -4 + 13 + -4. Let s(f) = 0*f**2 + 0*f**2 - 1 - f**3. What is s(q)?
-2
Let l = 7 - 5. Suppose -2*t = -6*t + 8. Let k(b) = -b**3 + b + b - 2*b - 1 + t*b**2. Give k(l).
-1
Let k(v) be the second derivative of -5*v**4/4 - v**3/6 + 33*v - 1. Suppose -1 = -2*s + 1. Calculate k(s).
-16
Let g(p) = 10*p - 4. Let u(m) = -9*m + 3. Let b(c) = -3*g(c) - 4*u(c). Let n = -8 + 0. Let j be 2/n*2*2. Determine b(j).
-6
Let a(t) = 5*t + 1. Let o(c) = c. Let h(z) = -a(z) + 4*o(z). Give h(-1).
0
Suppose -7*t - 99 = -10*t. Suppose 2*y + 22 = 3*p, 5*p - 2*y = 5 + t. Let f(g) = -g + 4. Calculate f(p).
-4
Let y(p) = p**3 - 2*p**2 - p + 2. Let b be y(2). Let u(t) be the second derivative of t**4/12 + t**3/6 + t**2 + 2*t. Give u(b).
2
Suppose k - 4 = -k. Let r(p) = -k*p**2 + 3*p**2 + 1 - 2*p**2 + 2. What is r(0)?
3
Let a(p) = -p**2 + 4*p + 3. Let k be ((-20)/25)/((-4)/10). Suppose -4*s = k*d - 18, d + 3*d = 4*s. Give a(s).
6
Let n(d) be the second derivative of -d**4/12 - 2*d**3/3 - d**2/2 + 4*d. What is n(-2)?
3
Let d = 21 + -5. Suppose 5*j - d = 4. Let w(r) = r**3 - 3*r**2 - 4*r - 2. Give w(j).
-2
Suppose 4*d - 9 = d. Suppose -5*c - 2*j = -0*j - 11, d*j - 10 = -c. Let h(n) = 4*n - 6. Let p(z) = -z. Let q(r) = c*h(r) + 2*p(r). Calculate q(6).
6
Suppose -12 - 59 = 3*y + 4*t, -49 = 2*y + 3*t. Let q = y + 13. Let j(b) = b + 2. Calculate j(q).
-2
Let f(x) = -x**3 + 15*x**2 - 17*x + 21. Let w be f(14). Let n = w - -24. Let i(v) = -v**2 + 3*v - 3. Calculate i(n).
-3
Let j(b) = b**2 - 6*b - 1. Suppose -3*x = -2*h - 16, 4*h = -0*x + x - 12. Suppose y + 1 = x. Suppose y*l + 4 = 19. Give j(l).
-6
Let c(v) be the first derivative of v**3/6 - 2*v**2 - 3*v + 1. Let r(z) be the first derivative of c(z). Calculate r(3).
-1
Suppose 4 = 6*x - 5*x. Suppose -3*b = -n, 4*n - 9 = -b + x. Let t(y) be the third derivative of y**4/12 - 6*y**2. Determine t(b).
2
Let h(u) = u - 1. Let d(s) = s**2 - 5*s - 9. Suppose 2*c = -g + 19, -c - 5*g + 27 = -g. Let x be d(c). Suppose -x*t + t = 20. What is h(t)?
-6
Let l(f) = 12*f. Let j(a) = a + 11. Let w be j(-14). Let x(b) = -12*b. Let n(c) = w*l(c) - 2*x(c). What is n(1)?
-12
Suppose 5*h - 24 = -f, -1 = h + f - 9. Let t be -4*2*1/h. Let z(w) = -2*w - 1 + 3 + 0 - 1. Calculate z(t).
5
Let c(y) = y**2 - y + 1. Let s = 23 - 10. Suppose 4 = -3*m + s. Determine c(m).
7
Suppose 2*s - 12 = -s. Let q(h) = 3*h**2 - 6. Let j(i) = 4*i**2 + i - 7. Let u(b) = s*j(b) - 5*q(b). Determine u(-3).
-1
Let v(p) = -9*p + 12. Let b(t) = 4*t - 6. Let x(h) = 7*b(h) + 3*v(h). Give x(0).
-6
Let n(m) = 3*m**2 - 5*m - 3. Let q(l) = -l**2 + l + 1. Let h(p) = n(p) + 2*q(p). Calculate h(3).
-1
Let l be (-1)/(-3) - 4/12. Let m be l + (8 + 1)/3. Let f(x) = x**3 - 3*x**2 + x - 3. What is f(m)?
0
Let g be 1*-1*3*1. Suppose 0*c + 5*c = 15. Let r(p) = -p**2 - 3 - 3*p + c - 2. Determine r(g).
-2
Let s be (-3)/(-12) - 1/4. Let j(f) = -f**2 + 3*f + 4. Let r be j(3). Let a(q) = 2*q - q + 2*q + q**3 - 2*q + r. What is a(s)?
4
Let m = 15 - 21. Let p(f) = f**3 + 7*f**2 + 8*f + 5. Calculate p(m).
-7
Let t(c) = 5 - c**2 + 7*c**2 - c + c**3 + 2*c. Let w(a) = a**2 + 11*a + 18. Let u be w(-8). Determine t(u).
-1
Let c(r) = -r**3 + 1. Let u be 3/21 - 834/(-42). Suppose 8 = 2*g + 2*f, 0*g + 3*g - 5*f + u = 0. What is c(g)?
1
Let o(g) be the first derivative of 2 - 1/2*g**2 + 5*g. Calculate o(4).
1
Let w(v) be the second derivative of -v**5/120 - v**3/2 + v. Let u(h) be the second derivative of w(h). Give u(-3).
3
Let o(b) = -b**3 - b**2. Let p(a) = -3*a**3 - 10*a**2 - 9*a + 2. Let c(u) = 4*o(u) - p(u). What is c(7)?
12
Let o(d) = -d**2 + 1. Let m(r) = 7*r**2 + 3*r - 4. Let i(s) = m(s) + 6*o(s). Suppose 0*j = 2*j. Let n = j - 2. Give i(n).
0
Let f(a) = -2*a + 5. Let n(g) = g - 3. Let z(x) = -6*f(x) - 11*n(x). Suppose 0 = l - 5*l + 2*p + 12, l + 5*p = 25. What is z(l)?
8
Let g(l) be the first derivative of -l**2 - 12*l - 8. Determine g(-8).
4
Let a(b) be the third derivative of b**6/72 + b**5/120 + b**4/24 + b**3/3 + 5*b**2. Let f(q) be the first derivative of a(q). Determine f(-1).
5
Let u be (-7)/(-2) - (-1)/2. Let j(c) = c**3 - 3*c**2 - 3*c - 2. What is j(u)?
2
Suppose -3*z = -2*z - 5. Let x(g) = z*g**2 - g - 6*g**2 + 8*g - 5. Determine x(5).
5
Let y(d) = -23*d**2 + 3*d + 3. Let v(p) = -12*p**2 + 2*p + 2. Let w(a) = 5*v(a) - 3*y(a). Let s(g) = g + 8. Let x be s(-9). Calculate w(x).
9
Let k(r) = -24*r**2 + 2*r - 7. Let n(w) = 70*w**2 - 6*w + 20. Let d(a) = -17*k(a) - 6*n(a). Give d(1).
-11
Let c(m) = -m + 4*m + 5 - 6*m**2 - 3*m**3 + 4*m + 2*m**3. Calculate c(-7).
5
Let j(s) = 3 - 4*s + 0*s - 2 + s. Give j(-5).
16
Let p(b) be the third derivative of b**6/120 + b**4/24 - b**3 - 5*b**2. Let t be p(0). Let m(v) = -v**3 - 5*v**2 + 7*v + 6. Determine m(t).
0
Let o(q) = 5*q**3 + 7*q**2 + q**3 - 7*q**3 - 5. Calculate o(7).
-5
Let j be (0 + 3/6)*50/5. Let i(h) = h**2 - 8*h + 5. Let d(y) = -y**2 + 9*y - 6. Let b(u) = 4*d(u) + 5*i(u). Calculate b(j).
6
Let y(b) = -b + 4. Suppose 2*j + 2*a - 2 = 0, 6 = 5*a + 1. Let q be y(j). Let w(n) = 0 - 3 + q - 3*n. Calculate w(-1).
4
Let a(i) = 4*i + 1. Suppose 4*m - 7 = -51. Let r(y) = -y**2 - 10*y + 9. Let l be r(m). Let v = l - 0. Give a(v).
-7
Let l be (-1562)/(-99) + 4/18. Suppose v = 5*v - l. Let i(m) = -m**3 + 5*m**2 - 4*m + 5. What is i(v)?
5
Let s(m) = 2*m**2 + 2*m - 1. Let k = -43 - -41. Determine s(k).
3
Let n(b) = b + 1. Let f(p) = p**2 + 9*p - 4. Let o(k) = -3*k - 9. Let r be o(9). Let l be (3 - 0) + r/3. Let x be f(l). What is n(x)?
-3
Let m(i) = -3*i - 2. Suppose -4*x + 2*d + 2 + 34 = 0, x + 3*d = 16. Suppose 0 = 6*t - 42 - 42. Let a be 9/(-15) - t/x. Calculate m(a).
4
Let b(f) be the third derivat